{"id":52,"date":"2025-12-16T03:06:40","date_gmt":"2025-12-16T03:06:40","guid":{"rendered":"https:\/\/maviet.com.vn\/New\/about\/"},"modified":"2025-12-23T01:36:17","modified_gmt":"2025-12-23T01:36:17","slug":"about","status":"publish","type":"page","link":"https:\/\/maviet.com.vn\/New\/about\/","title":{"rendered":"About"},"content":{"rendered":"\n\n\n\n<p>C\u00f4ng Ty C\u1ed5 ph\u1ea7n Th\u01b0\u01a1ng M\u1ea1i K\u1ef9 Thu\u1eadt M\u00e3 Vi\u1ec7t<\/p>\n\n\n\n\n\n<h2>Gi\u1edbi thi\u1ec7u chung v\u1ec1 <strong data-start=\"23\" data-end=\"64\">C\u00f4ng ty C\u1ed5 ph\u1ea7n Th\u01b0\u01a1ng M\u1ea1i K\u1ef9 thu\u1eadt M\u00e3 Vi\u1ec7t (M\u00e3 Vi\u1ec7t JSC)<\/strong><\/h2>\n\n\n<h3><strong>C\u00f4ng ty C\u1ed5 ph\u1ea7n M\u00e3 Vi\u1ec7t JSC \u2013 Gi\u1ea3i ph\u00e1p m\u00e3 v\u1ea1ch &amp; in nh\u00e3n chuy\u00ean nghi\u1ec7p<\/strong><\/h3>\n<p data-start=\"268\" data-end=\"616\"><strong data-start=\"268\" data-end=\"309\" style=\"font-family: Arial;\">C\u00f4ng ty C\u1ed5 ph\u1ea7n Th\u01b0\u01a1ng M\u1ea1i K\u1ef9 Thu\u1eadt M\u00e3 Vi\u1ec7t (M\u00e3 Vi\u1ec7t JSC)<\/strong> l\u00e0 \u0111\u01a1n v\u1ecb chuy\u00ean cung c\u1ea5p <strong data-start=\"336\" data-end=\"408\">gi\u1ea3i ph\u00e1p m\u00e3 v\u1ea1ch, m\u00e1y in tem nh\u00e3n, m\u00e1y qu\u00e9t m\u00e3 v\u1ea1ch v\u00e0 v\u1eadt t\u01b0 in \u1ea5n<\/strong> cho doanh nghi\u1ec7p t\u1ea1i Vi\u1ec7t Nam. V\u1edbi nhi\u1ec1u n\u0103m kinh nghi\u1ec7m trong ng\u00e0nh, M\u00e3 Vi\u1ec7t JSC mang \u0111\u1ebfn c\u00e1c gi\u1ea3i ph\u00e1p <strong data-start=\"514\" data-end=\"554\" style=\"font-family: Arial;\">\u1ed5n \u0111\u1ecbnh \u2013 ch\u00ednh x\u00e1c \u2013 t\u1ed1i \u01b0u chi ph\u00ed<\/strong>, \u0111\u00e1p \u1ee9ng nhu c\u1ea7u t\u1eeb b\u00e1n l\u1ebb, kho v\u1eadn \u0111\u1ebfn s\u1ea3n xu\u1ea5t c\u00f4ng nghi\u1ec7p.<\/p>\n<p data-start=\"618\" data-end=\"913\">M\u00e3 Vi\u1ec7t JSC l\u00e0 \u0111\u1ed1i t\u00e1c ph\u00e2n ph\u1ed1i v\u00e0 tri\u1ec3n khai gi\u1ea3i ph\u00e1p c\u1ee7a nhi\u1ec1u <strong data-start=\"685\" data-end=\"718\">th\u01b0\u01a1ng hi\u1ec7u h\u00e0ng \u0111\u1ea7u th\u1ebf gi\u1edbi<\/strong> nh\u01b0 <strong data-start=\"723\" data-end=\"782\" style=\"font-family: Arial;\">Zebra Technologies, Carl Valentin, Honeywell, TSC, SATO<\/strong>,\u2026 cung c\u1ea5p \u0111\u1ea7y \u0111\u1ee7 c\u00e1c d\u00f2ng <span style=\"font-family:Arial;\"><strong data-start=\"810\" data-end=\"912\">m\u00e1y in m\u00e3 v\u1ea1ch \u0111\u1ec3 b\u00e0n, m\u00e1y in c\u00f4ng nghi\u1ec7p, m\u00e1y qu\u00e9t 1D\/2D, thi\u1ebft b\u1ecb c\u1ea7m tay v\u00e0 v\u1eadt t\u01b0 tem \u2013 ribbon<\/strong>.<\/span><span style=\"font-family:Arial;\"><\/span><\/p>\n<p>\n\n<\/p><p data-start=\"915\" data-end=\"1139\">V\u1edbi \u0111\u1ed9i ng\u0169 <strong data-start=\"927\" data-end=\"950\" style=\"font-family: Arial;\">k\u1ef9 thu\u1eadt chuy\u00ean s\u00e2u<\/strong>, M\u00e3 Vi\u1ec7t JSC kh\u00f4ng ch\u1ec9 cung c\u1ea5p thi\u1ebft b\u1ecb m\u00e0 c\u00f2n t\u01b0 v\u1ea5n <span style=\"font-family:Arial;\"><strong data-start=\"1006\" data-end=\"1059\">gi\u1ea3i ph\u00e1p in nh\u00e3n \u2013 qu\u1ea3n l\u00fd d\u1eef li\u1ec7u \u2013 t\u1ef1 \u0111\u1ed9ng h\u00f3a<\/strong>,<\/span> gi\u00fap doanh nghi\u1ec7p n\u00e2ng cao hi\u1ec7u qu\u1ea3 v\u1eadn h\u00e0nh, gi\u1ea3m l\u1ed7i v\u00e0 chu\u1ea9n h\u00f3a quy tr\u00ecnh.<\/p>\n\n\n\n\n\n\n<p>V\u1ec1 Ch\u00fang T\u00f4i<\/p>\n\n\n<ul><li data-start=\"413\" data-end=\"465\"><p data-start=\"415\" data-end=\"465\" style=\"text-align: left;\"><strong data-start=\"415\" data-end=\"433\" style=\"font-family: Arial;\"><\/strong><\/p><\/li><\/ul><span style=\"font-size: medium;\"><ul><li data-start=\"413\" data-end=\"465\"><p data-start=\"415\" data-end=\"465\" style=\"text-align: left;\"><strong data-start=\"415\" data-end=\"433\" style=\"font-family: Arial;\">M\u00e1y in m\u00e3 v\u1ea1ch&nbsp;<\/strong>: \u0111\u1ec3 b\u00e0n, c\u00f4ng nghi\u1ec7p, di \u0111\u1ed9ng<\/p><\/li><li data-start=\"413\" data-end=\"465\" style=\"text-align: left;\"><p data-start=\"415\" data-end=\"465\"><strong data-start=\"468\" data-end=\"488\" style=\"font-family: Arial;\">M\u00e1y qu\u00e9t m\u00e3 v\u1ea1ch&nbsp;<\/strong><span style=\"font-style: inherit; font-variant-ligatures: inherit; font-variant-caps: inherit; font-weight: inherit;\">: 1D, 2D, c\u00f3 d\u00e2y &amp; kh\u00f4ng d\u00e2y<\/span><\/p><\/li><li data-start=\"519\" data-end=\"578\" style=\"text-align: left;\">\n<p data-start=\"521\" data-end=\"578\"><strong data-start=\"521\" data-end=\"539\" style=\"font-family: Arial;\">V\u1eadt t\u01b0 m\u00e3 v\u1ea1ch&nbsp;<\/strong>: tem nh\u00e3n, ribbon, decal chuy\u00ean d\u1ee5ng<\/p>\n<\/li><li data-start=\"579\" data-end=\"652\" style=\"text-align: left;\">\n<p data-start=\"581\" data-end=\"652\"><strong data-start=\"581\" data-end=\"620\" style=\"font-family: Arial;\">Gi\u1ea3i ph\u00e1p in nh\u00e3n &amp; qu\u1ea3n l\u00fd d\u1eef li\u1ec7u<\/strong> cho kho v\u1eadn, s\u1ea3n xu\u1ea5t, <span style=\"font-family:Arial;\"><\/span>b\u00e1n l\u1ebb<\/p>\n<\/li><\/ul><p style=\"text-align: left;\">\n\n\n\n<\/p><ul><li data-start=\"653\" data-end=\"694\" style=\"text-align: left;\">\n<p data-start=\"655\" data-end=\"694\"><strong data-start=\"655\" data-end=\"694\" style=\"font-family: Arial;\">T\u01b0 v\u1ea5n \u2013 l\u1eafp \u0111\u1eb7t \u2013 b\u1ea3o tr\u00ec k\u1ef9 thu\u1eadt<\/strong><\/p><\/li><\/ul><\/span><ul><li data-start=\"653\" data-end=\"694\" style=\"text-align: left;\"><p data-start=\"655\" data-end=\"694\"><strong data-start=\"655\" data-end=\"694\" style=\"font-family: Arial;\"><\/strong><\/p><\/li><\/ul>\n<ul><li data-start=\"413\" data-end=\"465\"><ul data-start=\"1006\" data-end=\"1266\"><li data-start=\"1006\" data-end=\"1075\"><p data-start=\"1008\" data-end=\"1075\" style=\"text-align: left;\"><strong data-start=\"1008\" data-end=\"1031\" style=\"font-family: Arial;\">Kinh nghi\u1ec7m th\u1ef1c t\u1ebf<\/strong> trong tri\u1ec3n khai h\u1ec7 th\u1ed1ng in nh\u00e3n &amp; m\u00e3 v\u1ea1ch<\/p>\n<\/li>\n<li data-start=\"1076\" data-end=\"1138\" style=\"text-align: left;\">\n<p data-start=\"1078\" data-end=\"1138\"><strong data-start=\"1078\" data-end=\"1109\" style=\"font-family: Arial;\">\u0110\u1ed9i ng\u0169 k\u1ef9 thu<span style=\"font-family:Arial;\"><\/span>\u1eadt chuy\u00ean s\u00e2u<\/strong>, h\u1ed7 tr\u1ee3 nhanh v\u00e0 \u0111\u00fang v\u1ea5n \u0111\u1ec1<\/p>\n<\/li>\n<li data-start=\"1139\" data-end=\"1203\" style=\"text-align: left;\">\n<p data-start=\"1141\" data-end=\"1203\"><strong data-start=\"1141\" data-end=\"1164\" style=\"font-family: Arial;\">Gi\u1ea3i ph\u00e1p linh ho\u1ea1t<\/strong>, t\u1ed1i \u01b0u theo nhu c\u1ea7u t\u1eebng doanh nghi\u1ec7p<\/p>\n<\/li>\n<li data-start=\"1204\" data-end=\"1266\">\n<p data-start=\"1206\" data-end=\"1266\" style=\"text-align: left;\"><strong data-start=\"1206\" data-end=\"1224\" style=\"font-family: Arial;\">H\u1ed7 tr\u1ee3 l\u00e2u d\u00e0i<\/strong>, t\u1eeb t\u01b0 v\u1ea5n ban \u0111\u1ea7u \u0111\u1ebfn v\u1eadn h\u00e0nh &amp; b\u1ea3o tr\u00ec<\/p>\n<\/li>\n<\/ul><\/li><\/ul>\n<ul><li data-start=\"413\" data-end=\"465\"><ul data-start=\"1358\" data-end=\"1473\" style=\"text-align: left;\"><li data-start=\"1358\" data-end=\"1379\"><p data-start=\"1360\" data-end=\"1379\"><\/p><\/li><\/ul><\/li><\/ul><p style=\"text-align: center;\"><span style=\"font-family:Arial;\"><strong><span style=\"color: rgb(68, 68, 68); font-size: inherit; font-style: inherit; font-variant-ligatures: inherit; font-variant-caps: inherit; text-align: left;\"><\/span><\/strong><\/span><\/p><span style=\"font-family:Arial;\"><span style=\"color: rgb(68, 68, 68); font-size: inherit; font-style: inherit; font-variant-ligatures: inherit; font-variant-caps: inherit;\"><strong>Kho v\u1eadn \u2013 logistics<\/strong><\/span><\/span><div><font color=\"#444444\" face=\"Arial\"><b><br><\/b><\/font><p><span style=\"font-size: inherit; font-style: inherit; font-variant-ligatures: inherit; font-variant-caps: inherit; color: rgb(68, 68, 68); font-family: Arial;\"><strong>S\u1ea3n xu\u1ea5t c\u00f4ng nghi\u1ec7p<\/strong><\/span><\/p><p><p><span style=\"font-family:Arial;\"><span style=\"\"><span style=\"\"><span style=\"\"><span style=\"font-size: medium; line-height: 2;\"><strong style=\"\"><ul style=\"\"><li data-start=\"1403\" data-end=\"1424\" style=\"\">\n<p data-start=\"1405\" data-end=\"1424\" style=\"font-family: Arial;\">\u0110i\u1ec7n t\u1eed \u2013 linh ki\u1ec7n<\/p><\/li><li data-start=\"1425\" data-end=\"1443\" style=\"\">\n<p data-start=\"1427\" data-end=\"1443\" style=\"font-family: Arial;\">Y t\u1ebf \u2013 ph\u00f2ng lab<\/p>\n<\/li><\/ul><p style=\"\">\n\n\n\n<\/p><ul style=\"\"><li data-start=\"1444\" data-end=\"1473\" style=\"\">\n<p data-start=\"1446\" data-end=\"1473\" style=\"font-family: Arial;\">Th\u01b0\u01a1ng m\u1ea1i \u0111i\u1ec7n t\u1eed &amp; b\u00e1n l\u1ebb<\/p><\/li><\/ul><\/strong><\/span><\/span><\/span><\/span><\/span><span style=\"font-family:Arial;\"><span style=\"font-family:Arial;\"><span style=\"font-family: &quot;Arial Black&quot;;\"><span style=\"font-size: medium; font-family: Courier; line-height: 2;\"><strong style=\"font-family: Arial;\"><ul style=\"\"><li data-start=\"1444\" data-end=\"1473\" style=\"\"><p data-start=\"1446\" data-end=\"1473\" style=\"\"><\/p><\/li><\/ul><\/strong><\/span><\/span><\/span><p style=\"text-align: center;\"><span style=\"\"><span style=\"\"><\/span><\/span><\/p><p style=\"text-align: left;\"><span style=\"color: rgb(68, 68, 68); font-size: inherit; font-style: inherit; font-variant-ligatures: inherit; font-variant-caps: inherit; text-align: left;\"><\/span><\/p><\/span><p style=\"text-align: center;\"><span style=\"font-family:Arial;\"><strong><span style=\"color: rgb(68, 68, 68); font-size: inherit; font-style: inherit; font-variant-ligatures: inherit; font-variant-caps: inherit; text-align: left;\"><\/span><\/strong><\/span><\/p><\/p><\/p><\/div>\n\n\n\n\n\n\n<strong><h6><span style=\"font-weight: normal;\">\u0110\u1ecbnh h\u01b0\u1edbng ph\u00e1t tri\u1ec3n c\u1ee7a C\u00f4ng ty M\u00e3 Vi\u1ec7t JSC<\/span><\/h6><\/strong>\n\n<h2><span style=\"color:#cce8cc;\"><p style=\"color: rgb(204, 224, 245);\"><span style=\"font-size: inherit; font-style: inherit; font-variant-ligatures: inherit; font-variant-caps: inherit; font-weight: inherit;\">Ph\u00e1t tri\u1ec3n gi\u1ea3i ph\u00e1p m\u00e3 v\u1ea1ch &amp; t\u1ef1 \u0111\u1ed9ng h\u00f3a to\u00e0n di\u1ec7n<\/span><\/p><p style=\"color: rgb(204, 224, 245);\"><br><\/p><p><\/p><\/span><p style=\"text-align: center;\"><span style=\"line-height: 1.5; font-size: x-large; color: rgb(255, 255, 255);\">M\u00e3 Vi\u1ec7t JSC t\u1eadp trung m\u1edf r\u1ed9ng v\u00e0 ho\u00e0n thi\u1ec7n c\u00e1c <strong data-start=\"588\" data-end=\"656\">gi\u1ea3i ph\u00e1p m\u00e3 v\u1ea1ch, in tem nh\u00e3n, truy xu\u1ea5t d\u1eef li\u1ec7u v\u00e0 t\u1ef1 \u0111\u1ed9ng h\u00f3a<\/strong>, \u0111\u00e1p \u1ee9ng nhu c\u1ea7u ng\u00e0y c\u00e0ng cao c\u1ee7a c\u00e1c l\u0129nh v\u1ef1c <strong data-start=\"705\" data-end=\"756\">s\u1ea3n xu\u1ea5t, kho v\u1eadn, b\u00e1n l\u1ebb v\u00e0 th\u01b0\u01a1ng m\u1ea1i \u0111i\u1ec7n t\u1eed<\/strong>.<\/span><strong style=\"color: rgb(204, 232, 204);\"><\/strong><\/p><\/h2>\n<h2 style=\"font-style: normal; font-variant-ligatures: normal; font-variant-caps: normal;\"><span style=\"color: rgb(204, 232, 204);\"><p style=\"color: rgb(204, 224, 245);\"><\/p><p style=\"color: rgb(204, 224, 245);\"><span style=\"font-size: inherit; font-style: inherit; font-variant-ligatures: inherit; font-variant-caps: inherit; font-weight: inherit;\">H\u1ee3p t\u00e1c s\u00e2u v\u1edbi c\u00e1c th\u01b0\u01a1ng hi\u1ec7u h\u00e0ng \u0111\u1ea7u<\/span><\/p><p style=\"color: rgb(204, 224, 245);\"><br><\/p><p style=\"color: rgb(255, 255, 255); text-align: center; line-height: 1.5; font-size: x-large;\">C\u00f4ng ty ti\u1ebfp t\u1ee5c c\u1ee7ng c\u1ed1 quan h\u1ec7 \u0111\u1ed1i t\u00e1c chi\u1ebfn l\u01b0\u1ee3c v\u1edbi c\u00e1c <strong data-start=\"870\" data-end=\"895\">h\u00e3ng c\u00f4ng ngh\u1ec7 uy t\u00edn<\/strong> nh\u01b0 <strong data-start=\"900\" data-end=\"959\">Zebra Technologies, Carl Valentin, Honeywell, TSC, SATO<\/strong>, nh\u1eb1m mang \u0111\u1ebfn <strong data-start=\"975\" data-end=\"1040\">s\u1ea3n ph\u1ea9m ch\u00ednh h\u00e3ng, c\u00f4ng ngh\u1ec7 m\u1edbi v\u00e0 d\u1ecbch v\u1ee5 h\u1ed7 tr\u1ee3 t\u1ed1t nh\u1ea5t<\/strong> cho kh\u00e1ch h\u00e0ng.<\/p><\/span><\/h2>\n<h2 style=\"font-style: normal; font-variant-ligatures: normal; font-variant-caps: normal;\"><span style=\"color: rgb(204, 232, 204);\"><p style=\"color: rgb(204, 224, 245);\"><\/p><p style=\"color: rgb(204, 224, 245);\">N\u00e2ng cao n\u0103ng l\u1ef1c k\u1ef9 thu\u1eadt &amp; d\u1ecbch v\u1ee5<\/p><p style=\"color: rgb(204, 224, 245);\"><br><\/p><p style=\"color: rgb(255, 255, 255); font-size: x-large; line-height: 1.5;\">M\u00e3 Vi\u1ec7t JSC ch\u00fa tr\u1ecdng <strong data-start=\"1127\" data-end=\"1166\">\u0111\u00e0o t\u1ea1o \u0111\u1ed9i ng\u0169 k\u1ef9 thu\u1eadt chuy\u00ean s\u00e2u<\/strong>, n\u00e2ng cao kh\u1ea3 n\u0103ng t\u01b0 v\u1ea5n \u2013 tri\u1ec3n khai \u2013 b\u1ea3o tr\u00ec, \u0111\u1ea3m b\u1ea3o <strong data-start=\"1225\" data-end=\"1260\">gi\u1ea3i quy\u1ebft nhanh v\u00e0 \u0111\u00fang v\u1ea5n \u0111\u1ec1<\/strong>, gi\u00fap h\u1ec7 th\u1ed1ng v\u1eadn h\u00e0nh \u1ed5n \u0111\u1ecbnh v\u00e0 hi\u1ec7u qu\u1ea3 l\u00e2u d\u00e0i.<\/p><\/span><\/h2>\n<h2 style=\"font-style: normal; font-variant-ligatures: normal; font-variant-caps: normal;\"><span style=\"color: rgb(204, 232, 204);\"><p style=\"color: rgb(204, 224, 245);\"><\/p><p style=\"color: rgb(204, 224, 245);\">N\u00e2ng cao n\u0103ng l\u1ef1c k\u1ef9 thu\u1eadt &amp; d\u1ecbch v\u1ee5<\/p><p style=\"color: rgb(204, 224, 245);\"><br><\/p><p style=\"color: rgb(204, 224, 245);\">\n<h3 data-start=\"1563\" data-end=\"1602\"><\/h3><\/p><p data-start=\"1354\" data-end=\"1561\" style=\"color: rgb(255, 255, 255); font-size: x-large; line-height: 1.5;\">\u0110\u1ecbnh h\u01b0\u1edbng ph\u00e1t tri\u1ec3n c\u1ee7a M\u00e3 Vi\u1ec7t JSC lu\u00f4n xoay quanh <strong data-start=\"1408\" data-end=\"1458\">tr\u1ea3i nghi\u1ec7m v\u00e0 hi\u1ec7u qu\u1ea3 th\u1ef1c t\u1ebf c\u1ee7a kh\u00e1ch h\u00e0ng<\/strong>, cung c\u1ea5p gi\u1ea3i ph\u00e1p <strong data-start=\"1479\" data-end=\"1516\">ph\u00f9 h\u1ee3p t\u1eebng m\u00f4 h\u00ecnh doanh nghi\u1ec7p<\/strong>, t\u1ed1i \u01b0u chi ph\u00ed v\u00e0 gia t\u0103ng gi\u00e1 tr\u1ecb s\u1eed d\u1ee5ng.<\/p><\/span><\/h2>\n<h2 style=\"font-style: normal; font-variant-ligatures: normal; font-variant-caps: normal;\"><span style=\"color: rgb(204, 232, 204);\"><p style=\"color: rgb(204, 224, 245);\"><\/p><p style=\"color: rgb(204, 224, 245);\">Ph\u00e1t tri\u1ec3n b\u1ec1n v\u1eefng &amp; d\u00e0i h\u1ea1n<\/p><p style=\"color: rgb(204, 224, 245);\"><br><\/p><span style=\"color: rgb(255, 255, 255); font-size: x-large; line-height: 1.5;\"><p style=\"\"><\/p><\/span><span style=\"color:#ffffff;\"><span style=\"font-size: x-large; line-height: 1.5;\"><p style=\"\"><\/p><\/span><\/span><span style=\"color:#ffffff;\"><span style=\"\"><span style=\"font-size: x-large; line-height: 1.5;\"><p style=\"color: rgb(255, 255, 255); font-size: x-large; line-height: 1.5;\">M\u00e3 Vi\u1ec7t JSC h\u01b0\u1edbng \u0111\u1ebfn tr\u1edf th\u00e0nh <strong data-start=\"1635\" data-end=\"1706\">\u0111\u1ed1i t\u00e1c gi\u1ea3i ph\u00e1p m\u00e3 v\u1ea1ch &amp; t\u1ef1 \u0111\u1ed9ng h\u00f3a d\u1eef li\u1ec7u uy t\u00edn t\u1ea1i Vi\u1ec7t Nam<\/strong>, \u0111\u1ed3ng h\u00e0nh c\u00f9ng doanh nghi\u1ec7p trong qu\u00e1 tr\u00ecnh <strong data-start=\"1752\" data-end=\"1817\">chu\u1ea9n h\u00f3a v\u1eadn h\u00e0nh \u2013 n\u00e2ng cao n\u0103ng su\u1ea5t \u2013 ph\u00e1t tri\u1ec3n b\u1ec1n v\u1eefng<\/strong>.<\/p><\/span><\/span><\/span><\/span><\/h2>\n\n\n\n","protected":false},"excerpt":{"rendered":"","protected":false},"author":1,"featured_media":0,"parent":0,"menu_order":0,"comment_status":"closed","ping_status":"closed","template":"","meta":{"pagelayer_contact_templates":[],"_pagelayer_content":"","footnotes":""},"class_list":["post-52","page","type-page","status-publish","hentry"],"jetpack_sharing_enabled":true,"_links":{"self":[{"href":"https:\/\/maviet.com.vn\/New\/wp-json\/wp\/v2\/pages\/52","targetHints":{"allow":["GET"]}}],"collection":[{"href":"https:\/\/maviet.com.vn\/New\/wp-json\/wp\/v2\/pages"}],"about":[{"href":"https:\/\/maviet.com.vn\/New\/wp-json\/wp\/v2\/types\/page"}],"author":[{"embeddable":true,"href":"https:\/\/maviet.com.vn\/New\/wp-json\/wp\/v2\/users\/1"}],"replies":[{"embeddable":true,"href":"https:\/\/maviet.com.vn\/New\/wp-json\/wp\/v2\/comments?post=52"}],"version-history":[{"count":16,"href":"https:\/\/maviet.com.vn\/New\/wp-json\/wp\/v2\/pages\/52\/revisions"}],"predecessor-version":[{"id":254,"href":"https:\/\/maviet.com.vn\/New\/wp-json\/wp\/v2\/pages\/52\/revisions\/254"}],"wp:attachment":[{"href":"https:\/\/maviet.com.vn\/New\/wp-json\/wp\/v2\/media?parent=52"}],"curies":[{"name":"wp","href":"https:\/\/api.w.org\/{rel}","templated":true}]}}